at is the highest common factor of 162 and 23118?
6
What is the greatest common divisor of 195 and 105?
15
Calculate the greatest common factor of 125579 and 10591.
1513
Calculate the greatest common factor of 58 and 7743.
29
What is the highest common factor of 719340 and 7125?
285
What is the greatest common divisor of 36504 and 162?
54
Calculate the greatest common divisor of 140 and 346780.
140
Calculate the greatest common factor of 2626 and 53530.
202
What is the greatest common divisor of 332 and 258628?
332
Calculate the greatest common factor of 286734 and 6.
6
Calculate the greatest common factor of 7338688 and 448.
448
What is the highest common divisor of 243 and 846?
9
What is the greatest common factor of 80 and 43480?
40
Calculate the highest common divisor of 8576 and 94592.
128
What is the highest common divisor of 20193 and 39?
3
Calculate the highest common factor of 44 and 21802.
22
Calculate the highest common divisor of 93414 and 6.
6
What is the highest common factor of 141 and 98653?
47
What is the greatest common divisor of 8151 and 1221?
33
Calculate the greatest common divisor of 24072 and 2.
2
Calculate the highest common divisor of 646 and 2774.
38
Calculate the greatest common factor of 6596 and 612.
68
What is the greatest common factor of 64 and 136936?
8
Calculate the greatest common divisor of 68286 and 20064.
114
Calculate the highest common divisor of 45 and 126075.
15
What is the highest common factor of 70 and 9842?
14
Calculate the highest common divisor of 29 and 2489853.
29
What is the highest common divisor of 1080 and 197120?
40
What is the greatest common divisor of 33423 and 2167353?
2571
Calculate the highest common factor of 420 and 99060.
60
Calculate the greatest common factor of 11993280 and 12.
12
Calculate the highest common factor of 84 and 1788.
12
Calculate the highest common divisor of 619 and 991.
1
What is the greatest common factor of 237 and 112101?
237
Calculate the highest common divisor of 11543445 and 54.
27
What is the greatest common divisor of 501786 and 914?
914
Calculate the highest common divisor of 402552 and 72.
72
What is the greatest common divisor of 558 and 1426?
62
Calculate the greatest common factor of 582 and 11834.
194
Calculate the greatest common divisor of 6050 and 2255.
55
What is the greatest common factor of 104 and 42848?
104
Calculate the greatest common factor of 129572 and 16.
4
What is the greatest common factor of 1855 and 245?
35
What is the greatest common factor of 4158 and 289278?
594
What is the highest common factor of 172497 and 117?
39
Calculate the highest common divisor of 1211 and 49.
7
Calculate the greatest common factor of 469 and 5131.
7
What is the highest common divisor of 10944 and 8460?
36
What is the highest common factor of 232 and 100514?
58
Calculate the highest common factor of 3 and 57192.
3
Calculate the highest common divisor of 368883 and 612.
153
What is the highest common divisor of 66176 and 65142?
1034
What is the greatest common divisor of 21470 and 130?
10
What is the highest common factor of 236 and 382438?
118
What is the highest common factor of 253021 and 1803?
601
What is the highest common factor of 155 and 2264705?
155
Calculate the highest common divisor of 22818 and 2022.
6
Calculate the greatest common factor of 53667 and 1869.
267
Calculate the greatest common factor of 132 and 19976.
44
What is the greatest common factor of 44 and 1441?
11
What is the highest common factor of 383190 and 60?
30
What is the highest common divisor of 232 and 2581?
29
Calculate the highest common factor of 18 and 4382.
2
What is the greatest common divisor of 8126 and 306?
34
What is the highest common divisor of 116872 and 56?
56
Calculate the greatest common factor of 6464 and 272296.
808
Calculate the highest common factor of 36 and 346167.
9
Calculate the highest common factor of 12 and 138144.
12
What is the greatest common factor of 3468 and 3930978?
1734
What is the highest common factor of 17 and 207485?
17
Calculate the highest common factor of 224 and 161.
7
What is the greatest common factor of 492 and 7956?
12
Calculate the highest common factor of 1059 and 629752.
353
Calculate the greatest common divisor of 31284 and 9306.
198
What is the greatest common divisor of 1388 and 36782?
694
What is the highest common divisor of 2013 and 15189?
183
Calculate the highest common divisor of 59160 and 1275.
255
Calculate the highest common factor of 1120 and 4704.
224
What is the highest common factor of 55 and 26389?
11
Calculate the highest common factor of 5372 and 391.
17
Calculate the highest common divisor of 68 and 31943.
17
Calculate the highest common factor of 148275 and 90.
45
What is the highest common factor of 180112 and 16?
16
What is the highest common factor of 5176 and 542186?
1294
Calculate the greatest common factor of 878498 and 101.
101
What is the greatest common factor of 474529 and 3401?
179
Calculate the greatest common factor of 31021 and 201.
67
What is the highest common factor of 432 and 799956?
108
Calculate the greatest common factor of 26970 and 957.
87
Calculate the highest common factor of 298175 and 1300.
25
Calculate the highest common divisor of 81960 and 6120.
120
What is the highest common factor of 74 and 248566?
74
What is the highest common divisor of 3173492 and 413?
413
What is the greatest common factor of 227 and 35639?
227
What is the greatest common divisor of 98526 and 42?
6
Calculate the highest common divisor of 35007 and 147.
21
What is the highest common factor of 18384 and 624?
48
Calculate the highest common factor of 14765 and 5.
5
Calculate the greatest common divisor of 626 and 4.
2
What is the greatest common factor of 13445 and 5?
5
Calculate the highest common factor of 6027 and 73677.
123
What is the highest common divisor of 3318 and 1022?
14
What is the highest common factor of 6580 and 9660?
140
Calculate the highest common divisor of 17270 and 44.
22
Calculate the highest common factor of 88465 and 65.
65
What is the highest common divisor of 8439 and 1044?
87
What is the highest common divisor of 226 and 1469?
113
What is the greatest common factor of 563557 and 145?
29
What is the greatest common factor of 770 and 2772?
154
Calculate the highest common divisor of 7685 and 12455.
265
What is the highest common divisor of 1472754 and 1167?
1167
Calculate the greatest common factor of 135725 and 610.
305
What is the highest common divisor of 81 and 9378423?
81
What is the greatest common factor of 461328 and 5712?
336
What is the greatest common divisor of 485836 and 39?
13
What is the highest common divisor of 103 and 85181?
103
What is the highest common factor of 3394848 and 6?
6
Calculate the greatest common divisor of 1029 and 164297.
343
What is the highest common factor of 6517 and 19817?
133
What is the highest common divisor of 36 and 11214?
18
What is the greatest common factor of 2826353 and 9244?
2311
Calculate the highest common divisor of 380479 and 44.
11
What is the highest common factor of 19995 and 430?
215
Calculate the highest common divisor of 35383 and 4633.
41
Calculate the highest common divisor of 220 and 617705.
55
What is the greatest common divisor of 424 and 30634?
106
Calculate the greatest common divisor of 176 and 392953.
11
What is the greatest common factor of 1504 and 47564?
188
Calculate the highest common divisor of 732 and 96.
12
What is the greatest common factor of 61936 and 79?
79
Calculate the highest common divisor of 310 and 395188.
62
Calculate the greatest common factor of 100107 and 1323.
441
Calculate the highest common factor of 383 and 334742.
383
Calculate the greatest common factor of 16020 and 38715.
1335
What is the greatest common divisor of 168 and 105504?
168
What is the greatest common factor of 1095798 and 264?
66
Calculate the greatest common divisor of 15956628 and 12.
12
What is the highest common factor of 1445 and 96560?
85
Calculate the greatest common factor of 873 and 7089.
3
What is the greatest common factor of 4221 and 420?
21
What is the highest common divisor of 48 and 65328?
48
Calculate the greatest common factor of 336 and 8070.
6
Calculate the greatest common factor of 120843 and 